00212001020 + 12?
2100212001102
In base 15, what is 4e7 - 194?
353
In base 13, what is -128 - 840?
-968
In base 8, what is -4 - 12122?
-12126
In base 5, what is -30 - 114141?
-114221
In base 6, what is -3424 + 111?
-3313
In base 15, what is -195c - 6b?
-19c8
In base 15, what is 1a159 - -3?
1a15c
In base 8, what is 15 - 30062?
-30045
In base 12, what is b7 + 6b9?
7b4
In base 13, what is -2120 + 1?
-211c
In base 16, what is 7 + -1ff5?
-1fee
In base 13, what is -2960 + 17?
-2946
In base 15, what is -6b1 + -5?
-6b6
In base 16, what is 4 - -84e07?
84e0b
In base 11, what is 405 + 1a9?
603
In base 10, what is -4845 + -16?
-4861
In base 3, what is -122001000211 + -1?
-122001000212
In base 7, what is -3 - -63562?
63556
In base 5, what is 24313034 + -100?
24312434
In base 7, what is 24064 - -451?
24545
In base 3, what is 1 + 22121221?
22121222
In base 12, what is -b016 - -5?
-b011
In base 10, what is 117382 + -40?
117342
In base 4, what is -102102 - 0?
-102102
In base 6, what is 203 - 41?
122
In base 10, what is 36 - -20398?
20434
In base 9, what is 1700827 - 5?
1700822
In base 14, what is -49 - -15a?
111
In base 2, what is 11101001 + 110001?
100011010
In base 9, what is -2236218 + 1?
-2236217
In base 4, what is -131322233 - 2?
-131322301
In base 9, what is -23 - -754?
731
In base 6, what is 2532 - 341?
2151
In base 3, what is 2 - 122002011?
-122002002
In base 16, what is 3 - -9f76e?
9f771
In base 13, what is 16 + -41b3?
-419a
In base 6, what is -5 + -1005535?
-1005544
In base 7, what is 3 - 56353?
-56350
In base 10, what is 1313500 - -1?
1313501
In base 12, what is -4a + 4277?
4229
In base 2, what is -11 - 1000110111011010110?
-1000110111011011001
In base 7, what is -221 - -1221?
1000
In base 5, what is 12104 - -113320?
130424
In base 6, what is 240503225 - 2?
240503223
In base 11, what is -9 + -23a49?
-23a57
In base 7, what is -21 - 15202?
-15223
In base 15, what is -1e6 - -323?
12c
In base 10, what is 19 - -127945?
127964
In base 16, what is 1933d + 5?
19342
In base 7, what is -2 - -6251406?
6251404
In base 8, what is -1412 - 21?
-1433
In base 16, what is 24 - -2e67?
2e8b
In base 3, what is -10200 + -222?
-11122
In base 8, what is 27 + 15165?
15214
In base 5, what is 221144 + -1144?
220000
In base 6, what is -345125 - 14?
-345143
In base 4, what is -101020 - -200?
-100220
In base 10, what is -80 - 424?
-504
In base 3, what is 121002221 + 10022?
121020020
In base 8, what is 26206 + 3?
26211
In base 13, what is -1405 - -12c2?
-113
In base 2, what is 11111 + -1010101001100?
-1010100101101
In base 14, what is -a + 162?
156
In base 12, what is -1a + 14b?
131
In base 4, what is 3 - -30200303?
30200312
In base 15, what is -2d - 7d?
-ab
In base 11, what is 1 - -5762a?
57630
In base 7, what is 3 - 31613?
-31610
In base 2, what is -11101000001110111 - -10011?
-11101000001100100
In base 6, what is -50450 + 11?
-50435
In base 16, what is -3b7fb + -4?
-3b7ff
In base 5, what is 2 - -20144?
20201
In base 8, what is -1127 - 21?
-1150
In base 2, what is 11111100 + -10010101?
1100111
In base 4, what is 1023222 - 1120?
1022102
In base 11, what is -190a - -1065?
-855
In base 3, what is 11201202 - -2?
11201211
In base 14, what is cb - 145?
-58
In base 11, what is -8 + -272?
-27a
In base 15, what is 24 + e8?
11c
In base 6, what is 22 + 533302?
533324
In base 12, what is -322a8 + 8?
-322a0
In base 14, what is 7d - -731?
7b0
In base 12, what is -56184 - 4?
-56188
In base 13, what is -3 - -b32b?
b328
In base 12, what is 9809 - 93?
9736
In base 13, what is -47955 + 4?
-47951
In base 4, what is -333 + 1120000?
1113001
In base 16, what is 79e2 - -4?
79e6
In base 11, what is -120a - 23?
-1232
In base 6, what is -101113114 + -5?
-101113123
In base 4, what is 13231313211 + 10?
13231313221
In base 3, what is 0 - 1211120222?
-1211120222
In base 11, what is -2 + -13506?
-13508
In base 11, what is 77 - 94a?
-883
In base 7, what is -4 - -5654630?
5654623
In base 2, what is -101101011111000 - 111110?
-101101100110110
In base 10, what is -1 - 1800970?
-1800971
In base 7, what is -36 + 436?
400
In base 3, what is -11 - 22220100?
-22220111
In base 6, what is 15343 - 2305?
13034
In base 3, what is -112210 - -1202?
-111001
In base 16, what is -3 - -fcdc?
fcd9
In base 2, what is 100 + -1000111011101101?
-1000111011101001
In base 6, what is 5332422 - 0?
5332422
In base 9, what is -2 + 10365?
10363
In base 13, what is -161387b - -4?
-1613877
In base 10, what is -84 + -63?
-147
In base 10, what is 493 - -17?
510
In base 13, what is 28 + 3ca?
425
In base 14, what is -13a - 1b9?
-315
In base 16, what is 24 - e36?
-e12
In base 2, what is 10101110 - 10110111010000?
-10110100100010
In base 14, what is -4 + b994?
b990
In base 2, what is 11 + -1001111000011011?
-1001111000011000
In base 10, what is 269 + 15942?
16211
In base 8, what is 6733 - -412?
7345
In base 14, what is 9 + ddc4?
ddcd
In base 14, what is 8b527 + -5?
8b522
In base 6, what is -2534 + 105?
-2425
In base 4, what is 202 - 13313323?
-13313121
In base 13, what is -6b - 211?
-27c
In base 7, what is -441345 - 6?
-441354
In base 8, what is -1300173 + -12?
-1300205
In base 11, what is 70004 + 11?
70015
In base 10, what is -272 - -205?
-67
In base 11, what is -147a + -8?
-1487
In base 3, what is -20 - -102021?
102001
In base 12, what is 165 - 351a?
-3375
In base 9, what is 2 + 328731?
328733
In base 9, what is -33 - -540?
506
In base 16, what is 2 - -3bdf?
3be1
In base 2, what is -110010111101 + 1110111?
-110001000110
In base 4, what is 121100 + 121211?
302311
In base 11, what is 1 - 102291?
-102290
In base 7, what is 34 + -24234?
-24200
In base 2, what is -111111100 - 1001011100001?
-1010011011101
In base 14, what is 1 - -8a65?
8a66
In base 9, what is -58207 + -80?
-58287
In base 3, what is -11212000021 + 20?
-11212000001
In base 8, what is -1724133 + 3?
-1724130
In base 3, what is -20012200000122 - 11?
-20012200000210
In base 4, what is 2 + -20112320?
-20112312
In base 2, what is -1 - 100001110010101100011?
-100001110010101100100
In base 8, what is -1270415 - 3?
-1270420
In base 13, what is -1853 - -a6?
-177a
In base 14, what is -486c + 3?
-4869
In base 3, what is 2101 - -120221202?
121001010
In base 7, what is -22040 + -5?
-22045
In base 6, what is 325225 + 1?
325230
In base 2, what is 101 + 1011110110001100?
1011110110010001
In base 15, what is 4 + -340ea?
-340e6
In base 2, what is -100 + -1000000101100011111100?
-1000000101100100000000
In base 15, what is 0 + -16a6a?
-16a6a
In base 15, what is 4 + -1da2?
-1d9d
In base 2, what is -11101 - 10101001000111?
-10101001100100
In base 7, what is -644 + -24035?
-25012
In base 11, what is -989 - -3?
-986
In base 4, what is 1012203 + 10?
1012213
In base 2, what is -1 - -11110000011000001100?
11110000011000001011
In base 7, what is -1 + -464134?
-464135
In base 14, what is 1686 - -9?
1691
In base 5, what is 411 + -143?
213
In base 2, what is 101110 - 101111010?
-101001100
In base 7, what is -23 + -5334?
-5360
In base 15, what is -3 - -2cbc?
2cb9
In base 16, what is -15a + 115?
-45
In base 8, what is -7 - 45353?
-45362
In base 2, what is 111111 + -110011110?
-101011111
In base 6, what is 35231 + -2350?
32441
In base 2, what is 101101000010000000110 + 11?
101101000010000001001
In base 4, what is -1021131 + -221?
-1022012
In base 5, what is -1300 + -2022?
-3322
In base 5, what is 231430 - 2?
231423
In base 3, what is -200 - 210100010?
-210100210
In base 12, what is 118a0 - 4?
11898
In base 6, what is -3404 + 2043?
-1321
In base 12, what is -a077 + -a?
-a085
In base 2, what is 11001101101111 - -10?
11001101110001
In base 6, what is 3504040 - 3?
3504033
In base 14, what is 3548 + -2?
3546
In base 5, what is -2 + 134321?
134314
In base 13, what is 5aa060 + 0?
5aa060
In base 16, what is -2 - 15aa?
-15ac
In base 4, what is -20 - 12310213?
-12310233
In base 16, what is -6710 + 0?
-6710
In base 9, what is -25 + -14745?
-14771
In base 11, what is 181a8 + -1?
181a7
In base 14, what is -1 - 5cbb?
-5cbc
In base 15, what is d81b + b?
d827
In base 7, what is -42043 + -15?
-42061
In base 8, what is -3 - -54243?
54240
In base 10, what is 4 - 48204?
-48200
In base 6, what is 14253 - -33?
14330
In base 14, what is -a1937 - 5?
-a193c
In base 12, what is 788a - 3?
7887
In base 4, what is 200 + 32102?
32302
In base 10,